uppose 173 = 3*j - 3*w + 167, 3*w - 2 = j. Let r(l) = -l**3 + 4*l**2 - l - 10. Calculate r(j).
-14
Let h(s) be the second derivative of s**4/12 + 10*s**3/3 + 99*s**2/2 + 276*s + 8. Calculate h(-8).
3
Let x(o) be the second derivative of -o**3/3 - o**2 - 7*o - 1. Suppose 2 + 14 = -2*r - 5*w, 0 = -5*w - 10. Determine x(r).
4
Let u(t) = -3*t**2 - 14*t - 5. Let j be 128 + -150 - -2*7. Determine u(j).
-85
Let t(f) = -f + 2. Let j be t(3). Let k be 0/(j/3*3). Suppose -4*x - 5 - 3 = k. Let d(m) = -3*m + 2. Determine d(x).
8
Let d(k) = 5*k - 44. Let w(p) = p + 11. Let q(z) = -2*d(z) - 6*w(z). What is q(2)?
-10
Let p(m) be the first derivative of 0*m + 1/2*m**2 - 126. Give p(-3).
-3
Let p(h) = -5*h**2 - 61*h - 15. Suppose -91*x + 161*x - 91*x = 252. Calculate p(x).
-3
Let y = 1647 - 4940/3. Let t(j) be the first derivative of 0*j - y*j**3 + 0*j**2 + 14. What is t(-1)?
-1
Let h(v) = -5 - 1352*v + 670*v + 678*v. Suppose 33 = 2*r - 19. Suppose -3*i + 2*b = 15, -3*i - r = -i + 4*b. What is h(i)?
23
Let q be 24/(-48)*(-20 - 0). Let a(t) = -38*t + 27*t + q*t. Let p = 3 + -9. Determine a(p).
6
Let h(q) = -2*q - 107. Let m be 0*(-14 - -9)/15. Give h(m).
-107
Let x(h) be the third derivative of -h**6/120 - h**5/20 + h**4/8 - 2*h**3/3 + 4*h**2 - 12. Let t be (-1 - 1 - 7) + (0 - -5). What is x(t)?
0
Let p(u) be the first derivative of u**4/4 + 8*u**3/3 + 9*u**2/2 + 7*u - 36. Suppose -4*j - 32 = -6*g + 8*g, j = g - 5. Determine p(j).
-7
Let i(c) = -c + 2. Suppose p - 5*p + 32 = 5*f, 0 = 2*f - 8. Suppose 4*g - g - 4*l = 20, -p*l = g + 15. Calculate i(g).
2
Let n(j) = 12*j + 8*j + 27 - 23*j. Let u be n(11). Let m = u - -9. Let r(f) = -f**2 + 3*f. Give r(m).
0
Let g(z) be the third derivative of -z**5/60 + 25*z**4/24 - 8*z**3 + 263*z**2. Determine g(22).
18
Let v = -185 + 189. Suppose a + 2 = -v*n, -n = 4*n. Let y(i) = i**2 - 2*i - 1. Give y(a).
7
Let m = 2503 + -2497. Let b(u) = 2*u**3 - 14*u**2 + 13*u - 23. Determine b(m).
-17
Let b(o) = -54*o**2 - 8797*o + 2 + 56*o**2 + 8798*o. What is b(-1)?
3
Suppose 0 = 2*c - s + 8, -7*c + 3*c - 4 = s. Let w be (7/2)/(c/4). Let g(p) be the second derivative of p**3/6 + 4*p**2 + 2*p + 77704. Determine g(w).
1
Let b(x) = -80 - x + 3*x + 97. Let o be b(-7). Let y(z) = -2*z**2 - 5*z + 1 - o + 4. Calculate y(-5).
-23
Let q(r) be the second derivative of 0 - 1/4*r**4 - 27*r + 1/3*r**3 - r**2 + 1/20*r**5. Calculate q(2).
-2
Suppose 33*p + 236 = -26*p. Let w(o) = o**2 + 3*o - 11. Calculate w(p).
-7
Let p(u) = 4*u**3 + 109*u**2 - 47. Let z(y) = y**3 + 26*y**2 - 12. Let r(b) = -3*p(b) + 13*z(b). Give r(-11).
-15
Let b(j) be the third derivative of j**5/60 + j**4/6 + j**3/2 - j**2. Suppose -13*i = -2*i - 22. Suppose 16 = -4*l + w, i*w = -l + 2*l - 3. Calculate b(l).
8
Let i(k) = -114*k + 44*k + 62*k - 1 - 2. Suppose 0 = 4*j + 2 + 6. Calculate i(j).
13
Let t(k) = k**3 + 29*k**2 + 56*k + 84. Let f be t(-27). Suppose 46 = 4*l + f. Let q(d) = -2*d + 7*d - 5 + d**2 - 2*d**2. Determine q(l).
-1
Let n(f) = -5*f - 16. Let j(d) = -14*d - 40. Let m(w) = 4*j(w) - 11*n(w). Suppose -4*y - 5*h - 25 = 0, 0 = y - h - 7 + 2. Calculate m(y).
16
Suppose 2*u + 3*l = 52, 42*l - 54*l + 72 = 0. Let f(v) = -2*v**2 + 30*v + 13. Calculate f(u).
-55
Let t(r) = -11*r + 48. Suppose -4 = -p - 0*p + a, 0 = -2*p - 5*a + 15. Determine t(p).
-7
Let q(v) = -7*v**2 - 5*v + 10. Let j(i) = -15*i**2 - 11*i + 21. Let o(m) = -6*j(m) + 13*q(m). Let h be -18*-4*(-12)/288. What is o(h)?
-8
Suppose -4*q = -3*k - 8, 4*q - 33 = -5*k + 7. Suppose 5*v + 5*l + 15 = 0, 3*v - 5*v = q*l + 3. Let n(d) = d**3 + 4*d**2 + d + 2. What is n(v)?
-2
Let j(c) = 2*c**2 - 5*c - 13. Let w be j(-2). Let t(u) = -6*u - 23 + 23 - 6 + 2*u**2. Calculate t(w).
14
Let h(v) = -756 + 1508 - v**3 - 756 - 17*v - 15*v**2. Calculate h(-14).
38
Suppose -120*n + 29 = 3*x - 121*n, -15 = 3*n. Let m(u) = u**3 - 10*u**2 + 13*u + 20. Give m(x).
-4
Let n(k) = -k**2 + 4*k - 3. Let i(a) = -a**2 + 6*a - 4. Let g(w) = -5*i(w) + 7*n(w). Suppose -2*f - 2*f = -24. Suppose -36*c + f = -39*c. Give g(c).
-5
Suppose 2*y - t - 14 - 22 = 0, y + t = 12. Suppose -4*a + y = 4*a. Let p(c) = a*c**2 - c + 0*c**2 + 529*c**3 - 528*c**3 - 2. Calculate p(-2).
0
Let i(h) = -25*h**2 + 45*h**2 - 1124 - h - 19*h**2 + 1126. Suppose 3*w = -0*w. Let r = 3 - w. Calculate i(r).
8
Let z(w) be the first derivative of -w**6/60 - w**5/120 - 2*w**3/3 + 38*w - 14. Let g(s) be the third derivative of z(s). Determine g(1).
-7
Let t be (2/4)/((-4)/40). Let b(n) be the second derivative of -n**5/120 - n**4/8 - 9*n**3/2 + 25*n. Let r(q) be the second derivative of b(q). Determine r(t).
2
Let v(o) = 10*o. Let j(a) = -21*a - 31. Let w(g) = j(g) + 2*v(g). Determine w(-13).
-18
Let g(q) be the third derivative of 0 + 2/3*q**3 + 0*q + 1/24*q**4 - q**2. Suppose -y - 75*n + 18 = -71*n, -y + 3*n - 24 = 0. Give g(y).
-2
Let l(r) be the third derivative of r**4/2 - 28*r**3/3 - 19*r**2 - 9*r. Give l(5).
4
Let a(x) = x + 7. Let g be a(-5). Let w(n) be the third derivative of 101*n**2 + 1/20*n**5 + 0 + 1/2*n**3 - 1/40*n**6 - 1/6*n**4 + 0*n. Calculate w(g).
-17
Let d(m) = -14*m**2 + 6*m - 63. Let w(l) = -9*l**2 + 4*l - 44. Let o(r) = -2*d(r) + 3*w(r). Let c = 3 - 0. Determine o(c).
3
Suppose -1771 + 1147 = 78*l. Let x(s) = -13*s - 9. Determine x(l).
95
Let i = -122 - -129. Let k(g) = -i*g**2 - 7*g - 5*g**3 - 8*g**3 - 7 + 25*g**3 - 11*g**3. Calculate k(8).
1
Let o(i) = 4*i**3 + 11*i**2 - 8*i - 17. Let b(z) = -z**3 - z**2 + 2*z + 2. Let n(c) = -3*b(c) - o(c). Determine n(-8).
-5
Let m(j) be the first derivative of 20*j**2 + j - 1847. Give m(3).
121
Suppose -4*g + 3*h = -9, -4*h - 12 = 9*g - 12*g. Let a(r) = g*r + 530 - 1009 + 498 - 2*r. What is a(7)?
5
Suppose 111*d + 13*d + 300 = -72. Let i(c) = -2*c**2 - 4*c. Determine i(d).
-6
Suppose 182 = 28*z - 126. Let q(o) = -425 + z*o + 848 - 420. Determine q(-3).
-30
Let v(p) = 6*p. Let l(n) = -27*n + 250. Let x be l(27). Let d = 482 + x. What is v(d)?
18
Let b(l) = 4*l + 2. Let r(i) = -11*i - 5. Let s(g) = -8*b(g) - 3*r(g). Let y(w) = 53 - 12 - 100 + 3*w. Let v be y(21). Give s(v).
3
Let f = -8964 + 8958. Let q(j) = 4*j + 4. Determine q(f).
-20
Suppose 54063 = -29*m + 54179. Let y(g) = 3*g**3 - 6*g + g - 3*g**2 - 3 - 2*g**3. Give y(m).
-7
Let a(q) = -2*q**3 + 6*q**2 - 5*q - 1. Let i(o) = 16*o**2 - 183*o + 234. Let n be i(10). Give a(n).
-53
Suppose -5*m - 2 = g, 919*m - 916*m = 5*g - 18. Let u(n) = -12*n**3 - 2. Determine u(m).
10
Let g(v) = 2476*v**2 + 15 - 6 + 27 + 13*v - 2479*v**2 + 0*v**3 - v**3. Give g(-4).
0
Suppose -s + 77 = -5*d - 26, -2*s = -6. Let o(m) = -3*m - 58. Determine o(d).
2
Let h(u) = u - 13. Let n be (-160956)/340 + (-4)/(-10). Let l = n - -482. Give h(l).
-4
Suppose -5*q + 20 + 50 = z, -4*q + 5*z + 27 = 0. Suppose -2*i - 9 = -u, 2*u + 8 = -i - 9. Let x = i + q. Let k(n) = n**3 - 6*n**2 - n + 6. Give k(x).
0
Let g(h) = h**3 - 3*h. Suppose -684*c + 2804 = 17*c. What is g(c)?
52
Let m(h) = 11*h**2 + 2*h - 1. Let c = -65 - -67. Suppose -2*o = -z - 4, 3*o = 11 - c. Suppose z*w = -4*g + 12, g = -0*g - 5*w + 21. What is m(g)?
12
Let o be (2/14 + (-155)/105)*-3. Let x(n) = 2*n + 21. Let f be x(o). Let y = f - 33. Let z(b) = b**3 + 4*b**2 + 3*b + 6. Calculate z(y).
-6
Let u(g) = 60*g - 7. Let k be u(1). Suppose 0*z - 250 = 5*z. Let m = k + z. Let c(o) = o**3 - 4*o**2 + 4*o - 4. Calculate c(m).
-1
Let p(w) be the second derivative of w**5/20 + 5*w**4/6 - 11*w**3/3 + 13*w**2/2 + 480*w. Calculate p(-12).
-11
Let w = 3955 - 3933. Let o(j) be the second derivative of 0 - 1/12*j**4 - 2/3*j**3 + 1/2*j**2 - w*j. Give o(-4).
1
Let k(b) = 1001*b - 21 - 1042*b - 18 - 13*b**2 - b**3. Let t be k(-9). Let r(m) = -3*m + 4. Determine r(t).
-14
Let g(u) = -3*u - 23. Let c(b) be the second derivative of 2*b**3/3 + 25*b**2/2 + 591*b. Let t be 3 - 1 - (-2 - 0). Let r(h) = t*c(h) + 5*g(h). Determine r(8).
-7
Let w = 1767 + -1770. Let c(m) be the first derivative of m**4/6 + m**3/2 + m**2 + 2*m + 3. Let f(h) be the first derivative of c(h). Calculate f(w).
11
Suppose -17*f - 1690 = -14*f - 68*f. Let k(u) be the third derivative of -f*u**2 + 0 + 0*u - 1/24*u**4 - 1/3*u**3 - 1/30*u**5. Calculate k(-3).
-17
Let n(k) = k**2 + k - 1. Let a(y) = -y**3 - 9*y**2 - 8*y + 8. Let d = 214 + -213. Let f(h) = d*a(h) + 2*n(h). What is f(-5)?
-14
Let v(u) be